{"id":4263,"date":"2021-03-16T10:36:24","date_gmt":"2021-03-16T09:36:24","guid":{"rendered":"http:\/\/3-moutiers.fr\/?page_id=4263"},"modified":"2021-05-03T17:12:36","modified_gmt":"2021-05-03T15:12:36","slug":"mariages","status":"publish","type":"page","link":"http:\/\/3-moutiers.fr\/index.php\/mairie\/demarches-administratives\/mariages\/","title":{"rendered":"Mariages"},"content":{"rendered":"\t\t<div data-elementor-type=\"wp-page\" data-elementor-id=\"4263\" class=\"elementor elementor-4263\" data-elementor-settings=\"[]\">\n\t\t\t\t\t\t<div class=\"elementor-inner\">\n\t\t\t\t\t\t\t<div class=\"elementor-section-wrap\">\n\t\t\t\t\t\t\t<section class=\"elementor-section elementor-top-section elementor-element elementor-element-0720665 elementor-section-boxed elementor-section-height-default elementor-section-height-default\" data-id=\"0720665\" data-element_type=\"section\">\n\t\t\t\t\t\t<div class=\"elementor-container elementor-column-gap-default\">\n\t\t\t\t\t\t\t<div class=\"elementor-row\">\n\t\t\t\t\t<div class=\"elementor-column elementor-col-100 elementor-top-column elementor-element elementor-element-dfab13f\" data-id=\"dfab13f\" data-element_type=\"column\">\n\t\t\t<div class=\"elementor-column-wrap elementor-element-populated\">\n\t\t\t\t\t\t\t<div class=\"elementor-widget-wrap\">\n\t\t\t\t\t\t<div class=\"elementor-element elementor-element-ee7437d elementor-widget elementor-widget-text-editor\" data-id=\"ee7437d\" data-element_type=\"widget\" data-widget_type=\"text-editor.default\">\n\t\t\t\t<div class=\"elementor-widget-container\">\n\t\t\t\t\t<div class=\"elementor-text-editor elementor-clearfix\"><div><h2><span style=\"color: #800000;\">Demande de mariage<\/span><\/h2><p><span style=\"color: #000000;\">Pour se marier \u00e0 la Mairie des Trois-Moutiers, au moins l&rsquo;un des futurs \u00e9poux ou au moins l&rsquo;un de ses parents (p\u00e8re, m\u00e8re) doit \u00eatre domicili\u00e9 dans la commune.<\/span><\/p><p><span style=\"color: #000000;\">Les futurs \u00e9poux doivent \u00eatre \u00e2g\u00e9s de 18 ans.<\/span><\/p><h2><span style=\"color: #800000;\">Les \u00e9tapes de la proc\u00e9dure<\/span><\/h2><p><span style=\"color: #000000;\"><strong>1. Retrait du dossier<\/strong><\/span><\/p><p><span style=\"color: #000000;\">Les imprim\u00e9s n\u00e9cessaires \u00e0 la constitution du dossier sont \u00e0 retirer \u00e0 l&rsquo;\u00e9tat civil de la mairie par le ou les futurs \u00e9poux.<\/span><\/p><p><span style=\"color: #000000;\">Cette formalit\u00e9 s\u2019accomplit sans rendez-vous durant les horaires d&rsquo;ouverture. <strong>Il est pr\u00e9f\u00e9rable que la date du mariage soit fix\u00e9e \u00e0 ce moment.<\/strong><\/span><\/p><p><span style=\"color: #000000;\"><strong>2. D\u00e9p\u00f4t du dossier\u00a0<\/strong><\/span><\/p><p><span style=\"color: #000000;\">Les couples sont invit\u00e9s \u00e0 d\u00e9poser leur dossier complet (formulaires + pi\u00e8ces justificatives) au moins deux mois avant la date souhait\u00e9e.<\/span><\/p><p><span style=\"color: #000000;\">Attention, pour cette formalit\u00e9 la pr\u00e9sence des deux futurs \u00e9poux est <strong>obligatoire<\/strong>.\u00a0<\/span><br \/><span style=\"color: #000000;\">Un entretien pr\u00e9alable est \u00e0 pr\u00e9voir avant la publication des bans (article 63 du code civil).<\/span><\/p><p><span style=\"color: #000000;\"><strong>3. Documents \u00e0 fournir pour la constitution du dossier<\/strong><\/span><\/p><p><span style=\"color: #000000;\">Vous trouverez ci-dessous la liste des pi\u00e8ces \u00e0 fournir pour la constitution de votre dossier. Les documents originaux devront \u00eatre pr\u00e9sent\u00e9s lors du d\u00e9p\u00f4t du dossier.<\/span><\/p><ul><li><span style=\"color: #000000;\">Un acte de naissance dat\u00e9 de moins de 3 mois \u00e0 la date du d\u00e9p\u00f4t de dossier<\/span><\/li><li><span style=\"color: #000000;\">1 justificatif de domicile pour chacun des deux futurs \u00e9poux (taxe d&rsquo;habitation, bail de location, etc.)<\/span><\/li><li><span style=\"color: #000000;\">1 justificatif au nom du ou des parents domicili\u00e9(s) \u00e0 Loudun si les futurs \u00e9poux n\u2019habitent pas la commune<\/span><\/li><li><span style=\"color: #000000;\">Une pi\u00e8ce d&rsquo;identit\u00e9 en cours de validit\u00e9 (carte d&rsquo;identit\u00e9, passeport ou permis de conduire)<\/span><\/li><li><span style=\"color: #000000;\">L&rsquo;attestation du notaire s&rsquo;il a \u00e9t\u00e9 fait un contrat de mariage<\/span><\/li><li><span style=\"color: #000000;\">La liste des t\u00e9moins : noms, pr\u00e9noms, dates de naissance, professions, domiciles et copie de leurs pi\u00e8ces d&rsquo;identit\u00e9<\/span><\/li><\/ul><p><span style=\"color: #000000;\">Certains documents suppl\u00e9mentaires doivent \u00e9galement \u00eatre fournis dans les cas suivants :<\/span><\/p><ul><li><span style=\"color: #000000;\">Mariage de personnes veuves<\/span><\/li><\/ul><p><span style=\"color: #000000;\">Une copie de l&rsquo;acte de d\u00e9c\u00e8s du pr\u00e9c\u00e9dent conjoint <\/span><\/p><ul><li><span style=\"color: #000000;\">Mariage de personnes divorc\u00e9es<\/span><\/li><\/ul><p><span style=\"color: #000000;\">Une copie de l&rsquo;acte du pr\u00e9c\u00e9dent mariage portant mention du divorce (si l&rsquo;acte de naissance n&rsquo;a pas \u00e9t\u00e9 mis \u00e0 jour) <\/span><\/p><ul><li><span style=\"color: #000000;\">Enfants du couple n\u00e9s avant le mariage<\/span><\/li><\/ul><p><span style=\"color: #000000;\">Pour mise \u00e0 jour \u00e9ventuelle du livret de famille, copie de l&rsquo;acte de naissance dat\u00e9e de moins de 3 mois \u00e0 la date du d\u00e9p\u00f4t de dossier du ou des enfants dont la filiation est \u00e9tablie \u00e0 l&rsquo;\u00e9gard des deux parents <\/span><\/p><ul><li><span style=\"color: #000000;\">Le ou les futurs \u00e9poux sont de nationalit\u00e9 \u00e9trang\u00e8re<\/span><\/li><\/ul><p><span style=\"color: #000000;\">Un acte de naissance en provenance du lieu de naissance et r\u00e9dig\u00e9 dans la langue du pays<\/span><br \/><span style=\"color: #000000;\">Sa traduction par un traducteur asserment\u00e9 aupr\u00e8s de la Cour d&rsquo;appel (liste en mairie)<\/span><br \/><span style=\"color: #000000;\">Un certificat de coutume d\u00e9livr\u00e9 par le consulat<\/span><br \/><span style=\"color: #000000;\">Un certificat de c\u00e9libat ou capacit\u00e9 matrimoniale d\u00e9livr\u00e9 par le Consulat<\/span><br \/><span style=\"color: #000000;\">Pour certains pays, l&rsquo;acte de naissance doit \u00eatre l\u00e9galis\u00e9 ou rev\u00eatu de l&rsquo;apostille et d&rsquo;autres documents peuvent \u00eatre demand\u00e9s<\/span><br \/><span style=\"color: #000000;\">La carte de s\u00e9jour, ou r\u00e9c\u00e9piss\u00e9 de prorogation, ou passeport<\/span><\/p><\/div><\/div>\n\t\t\t\t<\/div>\n\t\t\t\t<\/div>\n\t\t\t\t\t\t<\/div>\n\t\t\t\t\t<\/div>\n\t\t<\/div>\n\t\t\t\t\t\t\t\t<\/div>\n\t\t\t\t\t<\/div>\n\t\t<\/section>\n\t\t\t\t\t\t<\/div>\n\t\t\t\t\t\t<\/div>\n\t\t\t\t\t<\/div>\n\t\t","protected":false},"excerpt":{"rendered":"<p>Demande de mariage Pour se marier \u00e0 la Mairie des Trois-Moutiers, au moins l&rsquo;un des futurs \u00e9poux ou au moins l&rsquo;un de ses parents (p\u00e8re, m\u00e8re) doit \u00eatre domicili\u00e9 dans [&hellip;]<\/p>\n","protected":false},"author":1,"featured_media":0,"parent":38,"menu_order":0,"comment_status":"closed","ping_status":"closed","template":"","meta":{"footnotes":""},"class_list":["post-4263","page","type-page","status-publish","hentry"],"_links":{"self":[{"href":"http:\/\/3-moutiers.fr\/index.php\/wp-json\/wp\/v2\/pages\/4263","targetHints":{"allow":["GET"]}}],"collection":[{"href":"http:\/\/3-moutiers.fr\/index.php\/wp-json\/wp\/v2\/pages"}],"about":[{"href":"http:\/\/3-moutiers.fr\/index.php\/wp-json\/wp\/v2\/types\/page"}],"author":[{"embeddable":true,"href":"http:\/\/3-moutiers.fr\/index.php\/wp-json\/wp\/v2\/users\/1"}],"replies":[{"embeddable":true,"href":"http:\/\/3-moutiers.fr\/index.php\/wp-json\/wp\/v2\/comments?post=4263"}],"version-history":[{"count":3,"href":"http:\/\/3-moutiers.fr\/index.php\/wp-json\/wp\/v2\/pages\/4263\/revisions"}],"predecessor-version":[{"id":6708,"href":"http:\/\/3-moutiers.fr\/index.php\/wp-json\/wp\/v2\/pages\/4263\/revisions\/6708"}],"up":[{"embeddable":true,"href":"http:\/\/3-moutiers.fr\/index.php\/wp-json\/wp\/v2\/pages\/38"}],"wp:attachment":[{"href":"http:\/\/3-moutiers.fr\/index.php\/wp-json\/wp\/v2\/media?parent=4263"}],"curies":[{"name":"wp","href":"https:\/\/api.w.org\/{rel}","templated":true}]}}