{"id":100,"date":"2020-11-05T18:36:01","date_gmt":"2020-11-05T17:36:01","guid":{"rendered":"http:\/\/3-moutiers.fr\/?page_id=100"},"modified":"2021-05-10T17:17:30","modified_gmt":"2021-05-10T15:17:30","slug":"simplanter-aux-trois-moutiers","status":"publish","type":"page","link":"https:\/\/3-moutiers.fr\/index.php\/vie-economique\/simplanter-aux-trois-moutiers\/","title":{"rendered":"S&rsquo;implanter aux Trois Moutiers"},"content":{"rendered":"\t\t<div data-elementor-type=\"wp-page\" data-elementor-id=\"100\" class=\"elementor elementor-100\" data-elementor-settings=\"[]\">\n\t\t\t\t\t\t<div class=\"elementor-inner\">\n\t\t\t\t\t\t\t<div class=\"elementor-section-wrap\">\n\t\t\t\t\t\t\t<section class=\"elementor-section elementor-top-section elementor-element elementor-element-4aceb6f elementor-section-boxed elementor-section-height-default elementor-section-height-default\" data-id=\"4aceb6f\" data-element_type=\"section\">\n\t\t\t\t\t\t<div class=\"elementor-container elementor-column-gap-default\">\n\t\t\t\t\t\t\t<div class=\"elementor-row\">\n\t\t\t\t\t<div class=\"elementor-column elementor-col-100 elementor-top-column elementor-element elementor-element-677e4c0\" data-id=\"677e4c0\" data-element_type=\"column\">\n\t\t\t<div class=\"elementor-column-wrap elementor-element-populated\">\n\t\t\t\t\t\t\t<div class=\"elementor-widget-wrap\">\n\t\t\t\t\t\t<div class=\"elementor-element elementor-element-2233f0c elementor-align-center elementor-widget elementor-widget-button\" data-id=\"2233f0c\" data-element_type=\"widget\" data-widget_type=\"button.default\">\n\t\t\t\t<div class=\"elementor-widget-container\">\n\t\t\t\t\t<div class=\"elementor-button-wrapper\">\n\t\t\t<a href=\"http:\/\/www.economie-pays-loudunais.fr\/solutions-foncieres\" class=\"elementor-button-link elementor-button elementor-size-md\" role=\"button\">\n\t\t\t\t\t\t<span class=\"elementor-button-content-wrapper\">\n\t\t\t\t\t\t<span class=\"elementor-button-text\">Cliquez ici pour acc\u00e9der aux solutions fonci\u00e8res du Pays Loudunais<\/span>\n\t\t<\/span>\n\t\t\t\t\t<\/a>\n\t\t<\/div>\n\t\t\t\t<\/div>\n\t\t\t\t<\/div>\n\t\t\t\t\t\t<\/div>\n\t\t\t\t\t<\/div>\n\t\t<\/div>\n\t\t\t\t\t\t\t\t<\/div>\n\t\t\t\t\t<\/div>\n\t\t<\/section>\n\t\t\t\t<section class=\"elementor-section elementor-top-section elementor-element elementor-element-ab37552 elementor-section-full_width elementor-section-height-default elementor-section-height-default\" data-id=\"ab37552\" data-element_type=\"section\">\n\t\t\t\t\t\t<div class=\"elementor-container elementor-column-gap-default\">\n\t\t\t\t\t\t\t<div class=\"elementor-row\">\n\t\t\t\t\t<div class=\"elementor-column elementor-col-100 elementor-top-column elementor-element elementor-element-74f94ef\" data-id=\"74f94ef\" data-element_type=\"column\">\n\t\t\t<div class=\"elementor-column-wrap elementor-element-populated\">\n\t\t\t\t\t\t\t<div class=\"elementor-widget-wrap\">\n\t\t\t\t\t\t<div class=\"elementor-element elementor-element-89bcd55 elementor-widget elementor-widget-text-editor\" data-id=\"89bcd55\" data-element_type=\"widget\" data-widget_type=\"text-editor.default\">\n\t\t\t\t<div class=\"elementor-widget-container\">\n\t\t\t\t\t<div class=\"elementor-text-editor elementor-clearfix\"><p style=\"text-align: center;\"><span style=\"color: #800000;\"><strong>Des Zones d\u2019Activit\u00e9s \u00e0 fort potentiel<\/strong><\/span><\/p><p style=\"text-align: center;\"><a href=\"http:\/\/www.economie-pays-loudunais.fr\/solutions-foncieres\"><span style=\"color: #800000;\">Les Trois-Moutiers<\/span><\/a><\/p><p><img loading=\"lazy\" decoding=\"async\" class=\"aligncenter wp-image-6737 size-full\" src=\"http:\/\/3-moutiers.fr\/wp-content\/uploads\/2021\/05\/s-implanter.jpg\" alt=\"\" width=\"633\" height=\"369\" srcset=\"https:\/\/3-moutiers.fr\/wp-content\/uploads\/2021\/05\/s-implanter.jpg 633w, https:\/\/3-moutiers.fr\/wp-content\/uploads\/2021\/05\/s-implanter-300x175.jpg 300w\" sizes=\"auto, (max-width: 633px) 100vw, 633px\" \/><\/p><p style=\"text-align: center;\"><span style=\"color: #000000;\">3 hectares de terrains viabilis\u00e9s<\/span><\/p><p style=\"text-align: center;\"><span style=\"color: #800000;\"><strong>Vocation<\/strong>\u00a0: <span style=\"color: #000000;\">industrie, tertiaire, logistique<\/span><\/span><\/p><p style=\"text-align: center;\"><span style=\"color: #800000;\"><strong>Localisation\u00a0:<\/strong><\/span><\/p><ul style=\"text-align: center;\"><li><span style=\"color: #000000;\">20 minutes de Chinon<\/span><\/li><li><span style=\"color: #000000;\">25 minutes de Saumur (Autoroute &#8211; Gare)<\/span><\/li><li><span style=\"color: #000000;\">1h15 d\u2019Angers et Tours (Autoroutes &#8211; A\u00e9roport &#8211; Gare)<\/span><\/li><\/ul><p style=\"text-align: center;\"><span style=\"color: #800000;\"><strong>\u00c9quipements\u00a0:<\/strong> <span style=\"color: #000000;\">Tous r\u00e9seaux dispens\u00e9s en limite de propri\u00e9t\u00e9 (\u00e9lectricit\u00e9, T\u00e9l\u00e9com, Internet, eaux us\u00e9es, eau potable, gaz de zone, \u00e9clairage public\u2026).<\/span><\/span><\/p><p style=\"text-align: center;\"><span style=\"color: #800000;\"><strong>Services\u00a0:<\/strong><\/span><\/p><ul><li style=\"text-align: center;\"><span style=\"color: #000000;\">Offre de restauration et h\u00f4tels \u00e0 proximit\u00e9<\/span><\/li><li style=\"text-align: center;\"><span style=\"color: #000000;\">Signal\u00e9tique de la zone<\/span><\/li><li style=\"text-align: center;\"><span style=\"color: #000000;\">Accompagnement de proximit\u00e9 par le service D\u00e9veloppement \u00e9conomique communautaire<\/span><\/li><\/ul><p>\u00a0<\/p><\/div>\n\t\t\t\t<\/div>\n\t\t\t\t<\/div>\n\t\t\t\t\t\t<\/div>\n\t\t\t\t\t<\/div>\n\t\t<\/div>\n\t\t\t\t\t\t\t\t<\/div>\n\t\t\t\t\t<\/div>\n\t\t<\/section>\n\t\t\t\t\t\t<\/div>\n\t\t\t\t\t\t<\/div>\n\t\t\t\t\t<\/div>\n\t\t","protected":false},"excerpt":{"rendered":"<p>Cliquez ici pour acc\u00e9der aux solutions fonci\u00e8res du Pays Loudunais Des Zones d\u2019Activit\u00e9s \u00e0 fort potentiel Les Trois-Moutiers 3 hectares de terrains viabilis\u00e9s Vocation\u00a0: industrie, tertiaire, logistique Localisation\u00a0: 20 minutes [&hellip;]<\/p>\n","protected":false},"author":1,"featured_media":0,"parent":10,"menu_order":0,"comment_status":"closed","ping_status":"closed","template":"","meta":{"footnotes":""},"class_list":["post-100","page","type-page","status-publish","hentry"],"_links":{"self":[{"href":"https:\/\/3-moutiers.fr\/index.php\/wp-json\/wp\/v2\/pages\/100","targetHints":{"allow":["GET"]}}],"collection":[{"href":"https:\/\/3-moutiers.fr\/index.php\/wp-json\/wp\/v2\/pages"}],"about":[{"href":"https:\/\/3-moutiers.fr\/index.php\/wp-json\/wp\/v2\/types\/page"}],"author":[{"embeddable":true,"href":"https:\/\/3-moutiers.fr\/index.php\/wp-json\/wp\/v2\/users\/1"}],"replies":[{"embeddable":true,"href":"https:\/\/3-moutiers.fr\/index.php\/wp-json\/wp\/v2\/comments?post=100"}],"version-history":[{"count":6,"href":"https:\/\/3-moutiers.fr\/index.php\/wp-json\/wp\/v2\/pages\/100\/revisions"}],"predecessor-version":[{"id":6743,"href":"https:\/\/3-moutiers.fr\/index.php\/wp-json\/wp\/v2\/pages\/100\/revisions\/6743"}],"up":[{"embeddable":true,"href":"https:\/\/3-moutiers.fr\/index.php\/wp-json\/wp\/v2\/pages\/10"}],"wp:attachment":[{"href":"https:\/\/3-moutiers.fr\/index.php\/wp-json\/wp\/v2\/media?parent=100"}],"curies":[{"name":"wp","href":"https:\/\/api.w.org\/{rel}","templated":true}]}}