{"id":136,"date":"2020-11-05T18:44:32","date_gmt":"2020-11-05T17:44:32","guid":{"rendered":"http:\/\/3-moutiers.fr\/?page_id=136"},"modified":"2020-12-10T16:47:07","modified_gmt":"2020-12-10T15:47:07","slug":"adresses-utiles-4","status":"publish","type":"page","link":"https:\/\/3-moutiers.fr\/index.php\/se-reperer\/adresses-utiles-4\/","title":{"rendered":"Adresses utiles"},"content":{"rendered":"\n<h2 class=\"wp-block-heading\">R\u00e9gion\n\t\t<\/h2>\n\n\n\n<h3 class=\"wp-block-heading\">Conseil d\u00e9partemental\n\t\t<\/h3>\n\n\n\n<h4 class=\"wp-block-heading\"> Place Aristide-Briand\n\t\t<br> Bp 319\n\t\t<br> 86008 Poitiers\n\t\t<br> T\u00e9l : 05 49 55 66 00\n\n\t\t<\/h4>\n\n\n\n<h3 class=\"wp-block-heading\">Portail jeunes Poitou-Charentes\n\t\t<\/h3>\n\n\n\n<h4 class=\"wp-block-heading\"> 49 rue de la Cath\u00e9drale\n\t\t<br> 86000 Poitiers\n\t\t<br> Courriel : <a href=\"mailto:pj@poitiers-jeunes.fr\">pj@poitiers-jeunes.fr<\/a>\n\t\t<br> T\u00e9l : 05 49 50 73 59\n\n\t\t<\/h4>\n","protected":false},"excerpt":{"rendered":"<p>R\u00e9gion Conseil d\u00e9partemental Place Aristide-Briand Bp 319 86008 Poitiers T\u00e9l : 05 49 55 66 00 Portail jeunes Poitou-Charentes 49 rue de la Cath\u00e9drale 86000 Poitiers Courriel : pj@poitiers-jeunes.fr T\u00e9l [&hellip;]<\/p>\n","protected":false},"author":1,"featured_media":0,"parent":12,"menu_order":0,"comment_status":"closed","ping_status":"closed","template":"","meta":{"footnotes":""},"class_list":["post-136","page","type-page","status-publish","hentry"],"_links":{"self":[{"href":"https:\/\/3-moutiers.fr\/index.php\/wp-json\/wp\/v2\/pages\/136","targetHints":{"allow":["GET"]}}],"collection":[{"href":"https:\/\/3-moutiers.fr\/index.php\/wp-json\/wp\/v2\/pages"}],"about":[{"href":"https:\/\/3-moutiers.fr\/index.php\/wp-json\/wp\/v2\/types\/page"}],"author":[{"embeddable":true,"href":"https:\/\/3-moutiers.fr\/index.php\/wp-json\/wp\/v2\/users\/1"}],"replies":[{"embeddable":true,"href":"https:\/\/3-moutiers.fr\/index.php\/wp-json\/wp\/v2\/comments?post=136"}],"version-history":[{"count":0,"href":"https:\/\/3-moutiers.fr\/index.php\/wp-json\/wp\/v2\/pages\/136\/revisions"}],"up":[{"embeddable":true,"href":"https:\/\/3-moutiers.fr\/index.php\/wp-json\/wp\/v2\/pages\/12"}],"wp:attachment":[{"href":"https:\/\/3-moutiers.fr\/index.php\/wp-json\/wp\/v2\/media?parent=136"}],"curies":[{"name":"wp","href":"https:\/\/api.w.org\/{rel}","templated":true}]}}